*p + 757. What are the prime factors of n(0)?
757
Let m(o) = 17*o + 4. Let l(n) = 17*n + 5. Let z(d) = 5*l(d) - 6*m(d). What are the prime factors of z(-5)?
2, 43
Suppose 3*s + 0*s + 2*t = 21, 0 = 5*s - 2*t - 19. Suppose 0 = s*x - 5, 5*q - x = -5*x + 214. List the prime factors of q.
2, 3, 7
Suppose 2*t + 2*r - 198 = 0, -5*t + 4*r + 44 = -424. What are the prime factors of ((-7)/(-3))/(4/t)?
2, 7
Let s = 226 + -129. Let q = 182 - s. What are the prime factors of q?
5, 17
Suppose -16 = -5*z - 6. Suppose z*u + 2*n + 1 + 7 = 0, 0 = -u - 4*n - 13. What are the prime factors of u + 55/15*3?
2, 5
Suppose -22*a - 400 = -26*a. List the prime factors of a.
2, 5
Let l be (-4)/14 + 222/42. Suppose -5*m - 120 = -4*q, 5*m - 52 = -l*q + 98. List the prime factors of q.
2, 3, 5
What are the prime factors of ((-74)/(-4))/(7/882)?
3, 7, 37
Suppose -2*m - 2*m = 4*p + 12, -12 = 5*p + 4*m. Suppose p = g + 4*g + 5. What are the prime factors of 3/(-3)*19*g?
19
Let n(g) = 21*g**2 + 32*g + 12. What are the prime factors of n(-6)?
2, 3
Let r = 14 + -15. Let z = -4 + r. What are the prime factors of ((-2)/z)/((-2)/(-60))?
2, 3
Suppose -p = 4*d - 13, -3*d + 0*p + 11 = 2*p. Suppose -2*l - 294 = -3*b, -7*b - d*l = -3*b - 409. Suppose q - b = -3*q. List the prime factors of q.
5
Suppose 12*c - 20 = 7*c. Suppose -c*v + 8*v - 252 = 0. List the prime factors of v.
3, 7
Let m be 2/(32/(-116))*(-21 + 9). Let u(o) = -o**2 - 5*o - 5. Let x be u(5). Let j = x + m. What are the prime factors of j?
2
Suppose 3*o = -5*y - 19, 7*y - 2*y + 10 = 0. Let n be o + 2*-5 - -2. Let p = n - -22. List the prime factors of p.
11
Let c be 2/6 + (-3408)/(-36). Suppose c = q - 78. What are the prime factors of q?
173
Suppose 3 = -3*b, -2*b + 3 + 1 = -3*y. List the prime factors of y/(-4) + (1900/8)/5.
2, 3
Suppose -d - 3*r + 60 = 2*d, 4*d - 55 = r. Suppose 2*w - 51 = -d. Suppose w = 4*y - 42. What are the prime factors of y?
3, 5
Let q(f) be the first derivative of -f**3/3 - 9*f**2/2 - 5*f + 1. Let a be q(-5). Suppose -a = -3*k + 27. List the prime factors of k.
2, 7
Suppose 4*q - q - 12 = 0. Suppose q*m + 2*y - 4 - 4 = 0, -5*m - 5*y = -20. Let b(w) = -w**2 + w + 11. What are the prime factors of b(m)?
11
What are the prime factors of (60/9 - 6)*(5806 - -5)?
2, 13, 149
Let h(m) = m**3 + 11*m**2 + 2*m - 12. Let y be h(-5). Suppose -o + 2*j = -y + 14, 5*o - 4*j - 540 = 0. List the prime factors of o.
2, 13
Let o = -1313 - -2065. What are the prime factors of o?
2, 47
Let t be (1 + -3 + 1)*0. Let s = 3 - -45. Suppose -z + t*z = -s. What are the prime factors of z?
2, 3
Let j(w) = 11*w**2 - 16*w - 130. List the prime factors of j(-14).
2, 3, 5
Suppose 5*l - 10 = 3*l. Suppose 0*s = 5*t + l*s - 465, -3*s - 279 = -3*t. What are the prime factors of t?
3, 31
Suppose -4 = -l, -5*l + 4*l = n - 7. Suppose 2*f - 2*b = 2, n*f + 0*f - 15 = -3*b. Let o(p) = 7*p**2 + 3*p + 3. What are the prime factors of o(f)?
3, 5
List the prime factors of ((-1056)/20)/((-30)/400).
2, 11
Suppose -2390 = -4*m + 13*x - 15*x, 5*m = x + 2970. List the prime factors of m.
5, 7, 17
Let y = 85 - 51. Let x = 1 + y. List the prime factors of x.
5, 7
Let n be ((-21)/(-5))/((-6)/(-210)). Suppose n = 3*o - 117. What are the prime factors of o?
2, 11
Let d = 2540 + -1770. What are the prime factors of d?
2, 5, 7, 11
Let t be 9/(-10)*-26 + 3/5. List the prime factors of (1 + t/(-18))/(2/(-132)).
2, 11
Let y = -20 + 35. Let m be (10/y)/(2/6). What are the prime factors of ((-112)/(-21))/(m/3)?
2
Let v(s) = -s**2 + 19*s - 32. Let b be v(17). Let w(d) = 4*d - 4. Let j(a) = -8*a + 9. Let o(f) = 6*j(f) + 14*w(f). What are the prime factors of o(b)?
2, 7
Let g be 4/((-3 + 2)/(-1)). Let t = g + 22. What are the prime factors of t?
2, 13
Suppose -1802 = -s - 3*f - 313, s + f - 1499 = 0. What are the prime factors of s?
2, 47
Let j be (-2)/(-8)*0 - 4. Let d = j + 4. Suppose n - 23 - 20 = d. What are the prime factors of n?
43
Suppose -2507*v = -2504*v - 2094. List the prime factors of v.
2, 349
Let a = -10 + 12. Let j be 161 - (a - 8/(-4)). Let n = -107 + j. What are the prime factors of n?
2, 5
Suppose 0 = 5*h - h. Suppose -3*z + h = -6. Suppose -104 = -z*d - 2*d. What are the prime factors of d?
2, 13
Suppose 2*j - 4*d - 346 = 0, -10*d + 530 = 3*j - 5*d. What are the prime factors of j?
5, 7
Let z = 75 + -10. Suppose -64*v + z*v - 11 = 0. What are the prime factors of v?
11
Let v(y) = -117*y - 205. List the prime factors of v(-21).
2, 563
Suppose -2*w + 2*t = -1658, 4*w - 3*t - 3652 = -336. What are the prime factors of w?
829
Suppose 0 = 4*h - 5*l - 25264, 15*h + 2*l = 13*h + 12632. What are the prime factors of h?
2, 1579
Let m(d) = -194*d + 704. What are the prime factors of m(-11)?
2, 3, 11, 43
Let h(n) be the second derivative of -5*n - n**4 - 1/20*n**5 - 2/3*n**3 - 7*n**2 + 0. List the prime factors of h(-12).
2, 17
Suppose 5*z = 33 - 8. Suppose 5*s + z*b = -5, 5*b = -2*s + b - 8. Suppose d + 14 = 3*d - n, -18 = -s*d + 2*n. What are the prime factors of d?
5
Let x(z) = 8*z**2 + 4*z. Let d be x(-8). Suppose -d = -4*k - 184. List the prime factors of k.
2, 37
Let u(d) = 4*d**2 + 142*d - 40. What are the prime factors of u(-50)?
2, 5, 11, 13
Let i(x) = x**3 + 3*x**2 + 314. List the prime factors of i(0).
2, 157
Let h = -14 + 19. Suppose -2*g - l + 5 = 0, h*g - 7 = 2*l + 1. What are the prime factors of -3 + g*(11 - -2)?
23
Let a = -16 + 19. Suppose -a*s + 24 + 36 = 0. What are the prime factors of (-435)/s*(-12)/9?
29
Suppose 0 = -2*r - 5*a - 12, -r = 4*r - 5*a - 40. Let c = 83 - 57. Suppose -c = -2*f - r*b, -2*b + 120 = 5*f - 3*b. What are the prime factors of f?
23
Let p = 9 - 0. Let z(j) = 69 - 28 - 28 + p*j. List the prime factors of z(6).
67
Suppose g - 5*b - 119 = 0, -2*g + 0*g = 2*b - 262. Suppose -7*k + 2*k - 4*y - g = 0, 2*k + 47 = 3*y. What are the prime factors of ((-10)/k)/((-1)/(-85))?
2, 17
Suppose -p - 2*n + 310 = 0, -p + 300 = -5*n + 9*n. Suppose -p = -3*m + 85. List the prime factors of m.
3, 5
Suppose -4*f - 6 = k + 6, -3*k + 3 = -f. Suppose k = 5*j - 26 - 124. What are the prime factors of j?
2, 3, 5
Suppose -4*j + 0*j = 5*x + 7, -5*x = -4*j + 23. Suppose j*b = 2 + 8. Suppose -2 = -b*t + 63. What are the prime factors of t?
13
Let p(b) = b**2 + 10*b - 52. List the prime factors of p(-22).
2, 53
Suppose -5*o - 2*j = -137, o + 2*j = -0*o + 29. Let f = 8 + o. List the prime factors of f.
5, 7
Let w be (10/2)/(-1)*-1. Suppose -w*i = -i. Suppose -3*g + 28 + 53 = i. List the prime factors of g.
3
Suppose -4*y + 14223 = 5*t, 14219 = 10*t - 5*t + 2*y. List the prime factors of t.
2843
Let n(c) = c**3 + 7*c**2 + 7*c + 8. Let i be n(-6). Suppose i*g - 72 = g. Suppose -3*l - 9 = -a + 2, 4*a = -2*l + g. What are the prime factors of a?
17
Suppose 15*j = -11*j + 42666. What are the prime factors of j?
3, 547
Let l = -719 - -2046. List the prime factors of l.
1327
Suppose 18*d + 288 = 10*d. Let m = 41 - -28. Let x = d + m. What are the prime factors of x?
3, 11
Let a = 1480 - 1475. Suppose 0 = -5*j + 5*p + 35, p = -j + 2 + 1. Suppose k - j*t - 19 = 0, -a*k - t - 5 + 204 = 0. What are the prime factors of k?
3, 13
Let h(f) = 12*f**2 - 6*f + 1. Let z be h(4). Let m = z - 87. What are the prime factors of m?
2, 41
Suppose 0*w - w + 5*u - 12 = 0, 4*u + 32 = 4*w. Let m = w + -11. Suppose -m*k - 1 = -z + 38, 90 = 2*z + 2*k. What are the prime factors of z?
43
Suppose 0 = -6*a + 737 - 191. Suppose 2*p - 2*v - 134 = 0, -5*p - 2*v + 426 = a. List the prime factors of p.
67
Let r(g) = -g**2 - 4*g + 4. Let i be r(6). Let b be 18/4*i/(-42). Suppose 5*t = 3*j - 12, -b*j + 39 = -j - 2*t. What are the prime factors of j?
3
Let h(n) = 18*n**2 + 2*n - 3. Suppose -2*p + 5*t + 59 = -0*t, -3*p + 63 = t. Suppose -p = -5*d + 2*d + 4*y, 0 = -d - 2*y - 6. List the prime factors of h(d).
73
Suppose 5*s - u + 326 = 0, 3*u = -3*s + 2*u - 202. Let f = 26 - s. List the prime factors of f.
2, 23
Let n = 176 - -532. List the prime factors of n.
2, 3, 59
Suppose -q = -6*q - 105. Let z = 32 + q. Suppose 14*m = z*m + 105. What are the prime factors of m?
5, 7
Let c(y) = 2*y**3 - y**2 + 2. Let s(m) = 6*m - 17. Let n(j) = 17*j - 51. Let w(t) = -4*n(t) + 11*s(t). Let d be w(7). What are the prime factors of c(d)?
47
Let j(a) be the third derivative of -a**6/120 + 11*a**5/